{"id":3,"date":"2023-01-29T10:58:40","date_gmt":"2023-01-29T10:58:40","guid":{"rendered":"http:\/\/residenciajardinesanmarcos.com\/?page_id=3"},"modified":"2023-02-03T17:51:55","modified_gmt":"2023-02-03T17:51:55","slug":"politica-privacidad","status":"publish","type":"page","link":"https:\/\/residenciajardinesanmarcos.com\/index.php\/politica-privacidad\/","title":{"rendered":"Pol\u00edtica de privacidad"},"content":{"rendered":"\n<p><br>\u00daltima actualizaci\u00f3n el 03-feb-2023<br>Fecha de vigencia 03-feb-2023<\/p>\n\n\n\n<p>Esta Pol\u00edtica de Privacidad describe las pol\u00edticas de Residencia Jardines de San Marcos, Ctra. Gral. Socorro N\u00ba 88, Tegueste. Tenerife, Espa\u00f1a., Santa Cruz de Tenerife 38280, Espa\u00f1a, correo electr\u00f3nico: info@jardinesdesanmarcos.com, tel\u00e9fono: 922544602 sobre la recopilaci\u00f3n, uso y divulgaci\u00f3n de su informaci\u00f3n que recopilamos cuando utiliza nuestro sitio web ( https:\/\/residenciajardinesanmarcos.com \/ ). (el servicio\u00bb). Al acceder o utilizar el Servicio, usted acepta la recopilaci\u00f3n, el uso y la divulgaci\u00f3n de su informaci\u00f3n de acuerdo con esta Pol\u00edtica de privacidad. Si no da su consentimiento, no acceda ni utilice el Servicio.<br>Podemos modificar esta Pol\u00edtica de privacidad en cualquier momento sin previo aviso y publicaremos la Pol\u00edtica de privacidad revisada en el Servicio. La Pol\u00edtica revisada entrar\u00e1 en vigencia 180 d\u00edas despu\u00e9s de que la Pol\u00edtica revisada se publique en el Servicio y su acceso o uso continuo del Servicio despu\u00e9s de ese tiempo constituir\u00e1 su aceptaci\u00f3n de la Pol\u00edtica de privacidad revisada. Por lo tanto, le recomendamos que revise peri\u00f3dicamente esta p\u00e1gina.<\/p>\n\n\n\n<p>Tus derechos:<br>Dependiendo de la ley que se aplique, puede tener derecho a acceder y rectificar o borrar sus datos personales o recibir una copia de sus datos personales, restringir u oponerse al procesamiento activo de sus datos, pedirnos que compartamos (portemos) su informaci\u00f3n personal informaci\u00f3n a otra entidad, retirar cualquier consentimiento que nos haya proporcionado para procesar sus datos, el derecho a presentar una queja ante una autoridad legal y cualquier otro derecho que pueda ser relevante seg\u00fan las leyes aplicables. Para ejercer estos derechos, puede escribirnos a info@jardinesdesanmarcos.com. Responderemos a su solicitud de acuerdo con la ley aplicable.<br>Tenga en cuenta que si no nos permite recopilar o procesar la informaci\u00f3n personal requerida o retirar el consentimiento para procesar la misma para los fines requeridos, es posible que no pueda acceder o utilizar los servicios para los que se solicit\u00f3 su informaci\u00f3n.<\/p>\n\n\n\n<p>Galletas Etc<br>Para obtener m\u00e1s informaci\u00f3n sobre c\u00f3mo usamos estos y sus opciones en relaci\u00f3n con estas tecnolog\u00edas de seguimiento, consulte nuestra Pol\u00edtica de cookies.<\/p>\n\n\n\n<p>Seguridad:<br>La seguridad de su informaci\u00f3n es importante para nosotros y utilizaremos medidas de seguridad razonables para evitar la p\u00e9rdida, mal uso o alteraci\u00f3n no autorizada de su informaci\u00f3n bajo nuestro control. Sin embargo, dados los riesgos inherentes, no podemos garantizar la seguridad absoluta y, en consecuencia, no podemos asegurar ni garantizar la seguridad de cualquier informaci\u00f3n que nos transmita y lo hace bajo su propio riesgo.<\/p>\n\n\n\n<p>Responsable de Quejas\/Protecci\u00f3n de Datos:<br>Si tiene alguna consulta o inquietud sobre el procesamiento de su informaci\u00f3n que est\u00e1 disponible con nosotros, puede enviar un correo electr\u00f3nico a nuestro Oficial de Quejas en Residencia Jardines de San Marcos, Ctra. Gral. Socorro N\u00ba 88, Tegueste. Tenerife, Espa\u00f1a., correo electr\u00f3nico: info@jardinesdesanmarcos.com. Abordaremos sus inquietudes de acuerdo con la ley aplicable.<\/p>\n\n\n\n<p>Pol\u00edtica de Privacidad generada con CookieS\u00ed.<\/p>\n","protected":false},"excerpt":{"rendered":"<p>\u00daltima actualizaci\u00f3n el 03-feb-2023Fecha de vigencia 03-feb-2023 Esta Pol\u00edtica de Privacidad describe las pol\u00edticas de Residencia Jardines de San Marcos, Ctra. Gral. Socorro N\u00ba 88, Tegueste. Tenerife, Espa\u00f1a., Santa Cruz de Tenerife 38280, Espa\u00f1a, correo electr\u00f3nico: info@jardinesdesanmarcos.com, tel\u00e9fono: 922544602 sobre la recopilaci\u00f3n, uso y divulgaci\u00f3n de su informaci\u00f3n que recopilamos cuando utiliza nuestro sitio web [&hellip;]<\/p>\n","protected":false},"author":1,"featured_media":0,"parent":0,"menu_order":0,"comment_status":"closed","ping_status":"open","template":"","meta":{"_et_pb_use_builder":"","_et_pb_old_content":"","_et_gb_content_width":"","footnotes":""},"class_list":["post-3","page","type-page","status-publish","hentry"],"yoast_head":"<!-- This site is optimized with the Yoast SEO plugin v26.6 - https:\/\/yoast.com\/wordpress\/plugins\/seo\/ -->\n<title>Pol\u00edtica de privacidad - Residencia Jardines de San Marcos<\/title>\n<meta name=\"robots\" content=\"index, follow, max-snippet:-1, max-image-preview:large, max-video-preview:-1\" \/>\n<link rel=\"canonical\" href=\"https:\/\/residenciajardinesanmarcos.com\/index.php\/politica-privacidad\/\" \/>\n<meta property=\"og:locale\" content=\"es_ES\" \/>\n<meta property=\"og:type\" content=\"article\" \/>\n<meta property=\"og:title\" content=\"Pol\u00edtica de privacidad - Residencia Jardines de San Marcos\" \/>\n<meta property=\"og:description\" content=\"\u00daltima actualizaci\u00f3n el 03-feb-2023Fecha de vigencia 03-feb-2023 Esta Pol\u00edtica de Privacidad describe las pol\u00edticas de Residencia Jardines de San Marcos, Ctra. Gral. Socorro N\u00ba 88, Tegueste. Tenerife, Espa\u00f1a., Santa Cruz de Tenerife 38280, Espa\u00f1a, correo electr\u00f3nico: info@jardinesdesanmarcos.com, tel\u00e9fono: 922544602 sobre la recopilaci\u00f3n, uso y divulgaci\u00f3n de su informaci\u00f3n que recopilamos cuando utiliza nuestro sitio web [&hellip;]\" \/>\n<meta property=\"og:url\" content=\"https:\/\/residenciajardinesanmarcos.com\/index.php\/politica-privacidad\/\" \/>\n<meta property=\"og:site_name\" content=\"Residencia Jardines de San Marcos\" \/>\n<meta property=\"article:publisher\" content=\"https:\/\/www.facebook.com\/residenciajardinesdesanmarcos\" \/>\n<meta property=\"article:modified_time\" content=\"2023-02-03T17:51:55+00:00\" \/>\n<meta name=\"twitter:card\" content=\"summary_large_image\" \/>\n<meta name=\"twitter:label1\" content=\"Tiempo de lectura\" \/>\n\t<meta name=\"twitter:data1\" content=\"3 minutos\" \/>\n<script type=\"application\/ld+json\" class=\"yoast-schema-graph\">{\"@context\":\"https:\/\/schema.org\",\"@graph\":[{\"@type\":\"WebPage\",\"@id\":\"https:\/\/residenciajardinesanmarcos.com\/index.php\/politica-privacidad\/\",\"url\":\"https:\/\/residenciajardinesanmarcos.com\/index.php\/politica-privacidad\/\",\"name\":\"Pol\u00edtica de privacidad - Residencia Jardines de San Marcos\",\"isPartOf\":{\"@id\":\"https:\/\/residenciajardinesanmarcos.com\/#website\"},\"datePublished\":\"2023-01-29T10:58:40+00:00\",\"dateModified\":\"2023-02-03T17:51:55+00:00\",\"breadcrumb\":{\"@id\":\"https:\/\/residenciajardinesanmarcos.com\/index.php\/politica-privacidad\/#breadcrumb\"},\"inLanguage\":\"es\",\"potentialAction\":[{\"@type\":\"ReadAction\",\"target\":[\"https:\/\/residenciajardinesanmarcos.com\/index.php\/politica-privacidad\/\"]}]},{\"@type\":\"BreadcrumbList\",\"@id\":\"https:\/\/residenciajardinesanmarcos.com\/index.php\/politica-privacidad\/#breadcrumb\",\"itemListElement\":[{\"@type\":\"ListItem\",\"position\":1,\"name\":\"Portada\",\"item\":\"https:\/\/residenciajardinesanmarcos.com\/\"},{\"@type\":\"ListItem\",\"position\":2,\"name\":\"Pol\u00edtica de privacidad\"}]},{\"@type\":\"WebSite\",\"@id\":\"https:\/\/residenciajardinesanmarcos.com\/#website\",\"url\":\"https:\/\/residenciajardinesanmarcos.com\/\",\"name\":\"Residencia Jardines de San Marcos\",\"description\":\"Residencia de mayores Jardines de San Marcos\",\"publisher\":{\"@id\":\"https:\/\/residenciajardinesanmarcos.com\/#organization\"},\"potentialAction\":[{\"@type\":\"SearchAction\",\"target\":{\"@type\":\"EntryPoint\",\"urlTemplate\":\"https:\/\/residenciajardinesanmarcos.com\/?s={search_term_string}\"},\"query-input\":{\"@type\":\"PropertyValueSpecification\",\"valueRequired\":true,\"valueName\":\"search_term_string\"}}],\"inLanguage\":\"es\"},{\"@type\":\"Organization\",\"@id\":\"https:\/\/residenciajardinesanmarcos.com\/#organization\",\"name\":\"Residencia Jardines de San Marcos\",\"url\":\"https:\/\/residenciajardinesanmarcos.com\/\",\"logo\":{\"@type\":\"ImageObject\",\"inLanguage\":\"es\",\"@id\":\"https:\/\/residenciajardinesanmarcos.com\/#\/schema\/logo\/image\/\",\"url\":\"https:\/\/residenciajardinesanmarcos.com\/wp-content\/uploads\/2023\/02\/logo_web_268x117.png\",\"contentUrl\":\"https:\/\/residenciajardinesanmarcos.com\/wp-content\/uploads\/2023\/02\/logo_web_268x117.png\",\"width\":268,\"height\":117,\"caption\":\"Residencia Jardines de San Marcos\"},\"image\":{\"@id\":\"https:\/\/residenciajardinesanmarcos.com\/#\/schema\/logo\/image\/\"},\"sameAs\":[\"https:\/\/www.facebook.com\/residenciajardinesdesanmarcos\"]}]}<\/script>\n<!-- \/ Yoast SEO plugin. -->","yoast_head_json":{"title":"Pol\u00edtica de privacidad - Residencia Jardines de San Marcos","robots":{"index":"index","follow":"follow","max-snippet":"max-snippet:-1","max-image-preview":"max-image-preview:large","max-video-preview":"max-video-preview:-1"},"canonical":"https:\/\/residenciajardinesanmarcos.com\/index.php\/politica-privacidad\/","og_locale":"es_ES","og_type":"article","og_title":"Pol\u00edtica de privacidad - Residencia Jardines de San Marcos","og_description":"\u00daltima actualizaci\u00f3n el 03-feb-2023Fecha de vigencia 03-feb-2023 Esta Pol\u00edtica de Privacidad describe las pol\u00edticas de Residencia Jardines de San Marcos, Ctra. Gral. Socorro N\u00ba 88, Tegueste. Tenerife, Espa\u00f1a., Santa Cruz de Tenerife 38280, Espa\u00f1a, correo electr\u00f3nico: info@jardinesdesanmarcos.com, tel\u00e9fono: 922544602 sobre la recopilaci\u00f3n, uso y divulgaci\u00f3n de su informaci\u00f3n que recopilamos cuando utiliza nuestro sitio web [&hellip;]","og_url":"https:\/\/residenciajardinesanmarcos.com\/index.php\/politica-privacidad\/","og_site_name":"Residencia Jardines de San Marcos","article_publisher":"https:\/\/www.facebook.com\/residenciajardinesdesanmarcos","article_modified_time":"2023-02-03T17:51:55+00:00","twitter_card":"summary_large_image","twitter_misc":{"Tiempo de lectura":"3 minutos"},"schema":{"@context":"https:\/\/schema.org","@graph":[{"@type":"WebPage","@id":"https:\/\/residenciajardinesanmarcos.com\/index.php\/politica-privacidad\/","url":"https:\/\/residenciajardinesanmarcos.com\/index.php\/politica-privacidad\/","name":"Pol\u00edtica de privacidad - Residencia Jardines de San Marcos","isPartOf":{"@id":"https:\/\/residenciajardinesanmarcos.com\/#website"},"datePublished":"2023-01-29T10:58:40+00:00","dateModified":"2023-02-03T17:51:55+00:00","breadcrumb":{"@id":"https:\/\/residenciajardinesanmarcos.com\/index.php\/politica-privacidad\/#breadcrumb"},"inLanguage":"es","potentialAction":[{"@type":"ReadAction","target":["https:\/\/residenciajardinesanmarcos.com\/index.php\/politica-privacidad\/"]}]},{"@type":"BreadcrumbList","@id":"https:\/\/residenciajardinesanmarcos.com\/index.php\/politica-privacidad\/#breadcrumb","itemListElement":[{"@type":"ListItem","position":1,"name":"Portada","item":"https:\/\/residenciajardinesanmarcos.com\/"},{"@type":"ListItem","position":2,"name":"Pol\u00edtica de privacidad"}]},{"@type":"WebSite","@id":"https:\/\/residenciajardinesanmarcos.com\/#website","url":"https:\/\/residenciajardinesanmarcos.com\/","name":"Residencia Jardines de San Marcos","description":"Residencia de mayores Jardines de San Marcos","publisher":{"@id":"https:\/\/residenciajardinesanmarcos.com\/#organization"},"potentialAction":[{"@type":"SearchAction","target":{"@type":"EntryPoint","urlTemplate":"https:\/\/residenciajardinesanmarcos.com\/?s={search_term_string}"},"query-input":{"@type":"PropertyValueSpecification","valueRequired":true,"valueName":"search_term_string"}}],"inLanguage":"es"},{"@type":"Organization","@id":"https:\/\/residenciajardinesanmarcos.com\/#organization","name":"Residencia Jardines de San Marcos","url":"https:\/\/residenciajardinesanmarcos.com\/","logo":{"@type":"ImageObject","inLanguage":"es","@id":"https:\/\/residenciajardinesanmarcos.com\/#\/schema\/logo\/image\/","url":"https:\/\/residenciajardinesanmarcos.com\/wp-content\/uploads\/2023\/02\/logo_web_268x117.png","contentUrl":"https:\/\/residenciajardinesanmarcos.com\/wp-content\/uploads\/2023\/02\/logo_web_268x117.png","width":268,"height":117,"caption":"Residencia Jardines de San Marcos"},"image":{"@id":"https:\/\/residenciajardinesanmarcos.com\/#\/schema\/logo\/image\/"},"sameAs":["https:\/\/www.facebook.com\/residenciajardinesdesanmarcos"]}]}},"_links":{"self":[{"href":"https:\/\/residenciajardinesanmarcos.com\/index.php\/wp-json\/wp\/v2\/pages\/3","targetHints":{"allow":["GET"]}}],"collection":[{"href":"https:\/\/residenciajardinesanmarcos.com\/index.php\/wp-json\/wp\/v2\/pages"}],"about":[{"href":"https:\/\/residenciajardinesanmarcos.com\/index.php\/wp-json\/wp\/v2\/types\/page"}],"author":[{"embeddable":true,"href":"https:\/\/residenciajardinesanmarcos.com\/index.php\/wp-json\/wp\/v2\/users\/1"}],"replies":[{"embeddable":true,"href":"https:\/\/residenciajardinesanmarcos.com\/index.php\/wp-json\/wp\/v2\/comments?post=3"}],"version-history":[{"count":2,"href":"https:\/\/residenciajardinesanmarcos.com\/index.php\/wp-json\/wp\/v2\/pages\/3\/revisions"}],"predecessor-version":[{"id":723,"href":"https:\/\/residenciajardinesanmarcos.com\/index.php\/wp-json\/wp\/v2\/pages\/3\/revisions\/723"}],"wp:attachment":[{"href":"https:\/\/residenciajardinesanmarcos.com\/index.php\/wp-json\/wp\/v2\/media?parent=3"}],"curies":[{"name":"wp","href":"https:\/\/api.w.org\/{rel}","templated":true}]}}